is the remainder when d(-2) is divided by 11?
5
Let z(w) = -7*w - 2. Let x be z(-4). Suppose 4*h + 4*g = 32, -4*h + g = -8*h + x. Calculate the remainder when (363/1089)/(2/126) is divided by h.
3
Suppose -12*t + 123*t = -61*t + 284832. Calculate the remainder when t is divided by 20.
16
Let a(y) be the second derivative of y**3/2 + 77*y**2/2 + 2*y - 42. Calculate the remainder when a(13) is divided by 41.
34
Let l = -90079 + 90106. Let n = 6 + 4. What is the remainder when l is divided by n?
7
Suppose -12*k = 4 - 40. Let c(t) = 12*t**2 - 2*t + 5. What is the remainder when c(k) is divided by 6?
5
Let l(t) = -2*t + 349. Calculate the remainder when 2525 is divided by l(100).
141
Let p(h) = -h**2 + 4*h + 3. Let g be p(4). Suppose 2*n + g = 5. Suppose -t = 5*r + 3, 3*r - 4 + n = -3*t. Calculate the remainder when 9 is divided by t.
1
Calculate the remainder when (-6837)/(-69) - (-184)/(-2116) is divided by 46.
7
Let a(m) = 2*m + 21. Let i = 4878 - 4753. What is the remainder when i is divided by a(11)?
39
Let l(s) = 128*s**2 - 11*s - 29. What is the remainder when l(-4) is divided by 94?
89
Let u(c) = -4*c**2 - c - 1. Let b(f) = 25*f**2 + f - 29. Let j(v) = -b(v) - 6*u(v). Calculate the remainder when 54 is divided by j(8).
10
Let p(k) be the second derivative of 3/2*k**3 - 3/4*k**4 + 7/2*k**2 + 1/20*k**5 - 13*k + 0. What is the remainder when p(9) is divided by 13?
10
Suppose -2*i + 234 = i. Suppose -18 = -4*c + i. What is the remainder when c is divided by ((-162)/12)/(2/4 + -2)?
6
Suppose -d = -2*k - 95, -2*d = 2*d - 5*k - 386. Let x = -95 + d. Suppose 0 = -x*v + 8. Calculate the remainder when 3 is divided by v.
1
Let p(m) = 228*m**3 + 2513*m**2 - 3*m + 4. What is the remainder when p(-11) is divided by 192?
66
Suppose -299 = 12*q + q. What is the remainder when 147 is divided by (0 - -1)/(q/(-644))?
7
Let u = -4148 + 5683. Calculate the remainder when u is divided by 405.
320
Let w(z) = -10*z + 2*z**3 + 11 - z**3 - 4*z**2 + 4 - 4. Let c(g) = 3*g - 14. What is the remainder when w(6) is divided by c(9)?
10
Let v = 10479 + -10305. Calculate the remainder when 346 is divided by v.
172
What is the remainder when 1677 is divided by 164 + -16 + -7 + -1?
137
Let y(z) = 16*z + 4 - 13*z + 0*z + 30. Calculate the remainder when 300 is divided by y(3).
42
Let a = -427 - -777. Let l(j) = -j**3 - 95*j**2 - 4*j - 336. What is the remainder when a is divided by l(-95)?
42
Let a be 9/21 + 1040/56. Suppose 7*y - 5642 = -a*y. Calculate the remainder when y is divided by 22.
19
Suppose -y - 51 = -3*x + 35, -3*x + 3*y = -84. Suppose -7*b + 3054 = -901. Suppose -21*n + b = -16*n. What is the remainder when n is divided by x?
26
Let g(q) = -q**3 - 3*q**2 - 17*q + 7. Let m be g(5). Let o = m - -308. Let w = -56 + 234. Calculate the remainder when w is divided by o.
28
Let j = -16197 + 16692. Calculate the remainder when j is divided by 59.
23
Suppose 5*u - c = -1, -3*c = 4*u + u - 3. Suppose -5*j + 14 + 101 = u. What is the remainder when j is divided by -3*(-4)/(-48) + (-49)/(-4)?
11
Let d(b) = 14*b**2 + 72*b + 109. Calculate the remainder when 1484 is divided by d(-4).
44
Let z = 44 + -34. Suppose 0 = -m + 2*t - 3, 2*t + z = -5*m - 5. What is the remainder when 42 is divided by m + 12 - (0 + -2)?
9
Suppose -2*p - m + 20 = 0, p + m - 7 - 5 = 0. Let w(l) = l**2 - 2*l - 37. What is the remainder when 17 is divided by w(p)?
6
Let x(n) = 5*n + 35 - 9 - 2*n + 24. Let z be x(-20). What is the remainder when 22 - (z/2)/1 is divided by 8?
3
Suppose -14*c - 23712 = -29844. Calculate the remainder when c is divided by 5.
3
Suppose 0 = -4*c - 4*g + 44, -19 = -159*c + 158*c + 3*g. Let s be 4/(-10) + (-16)/10. Calculate the remainder when c is divided by 5*s*2/(-4).
3
Let j(f) = f**3 + 3*f**2 - 9*f + 4. Let q be j(2). Suppose -7*x = -q*x - 165. What is the remainder when x is divided by 24?
21
Suppose -27*a + 3*a + 21*a + 18 = 0. What is the remainder when (-10)/3*72/(-20) is divided by a?
0
Let g(r) = -r**3 + 13*r**2 - 2*r - 19. Let w be g(8). Suppose -w = -s + 55. What is the remainder when s is divided by 49?
46
Let o(a) = -5*a + 47. Let h be o(5). Calculate the remainder when -3*(h/(-1) - -7) is divided by 12.
9
Calculate the remainder when 776 is divided by ((-81)/2)/(-1) - (-77)/154.
38
Let v = -10 + 40. Let s(a) = -a**3 - 36*a**2 - 75*a. Let j be s(-34). Let t = -181 + j. What is the remainder when t is divided by v?
27
Let f(s) = -3*s**3 + 3*s**2 - 8*s + 6. Let h be f(-6). Let a = h - 806. Calculate the remainder when 4 is divided by a.
0
Suppose 0*k - 10 = 5*k, 4*l - 220 = -4*k. Let s(a) = 18*a + 94. Let z be s(-5). Calculate the remainder when l is divided by -1*2/z*-34.
6
Suppose 0 = 5*w - 4*r - 175, -15*w + 14*w = -2*r - 29. Let f(c) = c**3 + 8*c**2 + 3. Calculate the remainder when f(-6) is divided by w.
36
Let m(v) = -2*v**2 - 31*v - 90. Let g = 23 + -7. Calculate the remainder when m(-6) is divided by g.
8
Suppose 8*q + 2*w = 6*q + 532, 0 = -4*w - 12. What is the remainder when q is divided by 55?
49
Let h = -143 - -226. Suppose 0 = k + h - 85. Suppose 45 + 109 = k*r. What is the remainder when r is divided by 10?
7
Let p be (-4)/22 - 68/(-374). Let u(f) be the third derivative of -f**5/20 + 5*f**3/6 - 3*f**2. Calculate the remainder when 42 is divided by u(p).
2
Suppose 550*s + 3000 = 700*s. What is the remainder when (-2)/(-8) + 1115/4 is divided by s?
19
Suppose 0 = -3*u + 4*l - 20, -4*u + u - 4*l = -20. Suppose 4*m - 6 - 26 = u. Calculate the remainder when 34 is divided by m.
2
Let p = -22 + 24. Suppose 0*z + 336 = p*z. Calculate the remainder when (z - 0)/(-4)*-1 is divided by 23.
19
Let f(b) = 20*b**2 - 19*b + 9. Let u be f(-8). Calculate the remainder when (-2)/(-1)*u/22 is divided by 46.
39
Let z = -137 + 140. Suppose -14*u = -13*u + 2, -3*h + 27 = -z*u. Let n = 30 - 12. Calculate the remainder when n is divided by h.
4
Let c be ((-12352)/2)/(-4) + 3. Suppose 0 = 8*b - c - 141. Suppose 10*u = 59 + b. Calculate the remainder when u is divided by 6.
3
Let r be (0 - -3)/(-10 + 13) - -29. Suppose -34*v = -r*v - 16. Calculate the remainder when ((-2)/4)/((-2)/36) is divided by v.
1
Suppose -2*v + 4*k = -348, -4*v - 3*k - 349 = -6*v. Suppose v = -14*d + 1422. What is the remainder when d is divided by 31?
27
Suppose -44*q + 50*q = 2160. Suppose -15*r + 3*r + q = 0. What is the remainder when -7*(-1 + 1 + -17) is divided by r?
29
Let t(f) = 2*f + 22. Let c be t(-7). Suppose h - c = 2*h. Let b = -4 - h. What is the remainder when b is divided by 1?
0
Let q = -12251 - -12404. What is the remainder when 788 is divided by q?
23
Suppose 0*k + 2*k - 2*s + 8 = 0, 0 = k + 5*s - 20. Suppose k = -a - 18*a + 5149. Calculate the remainder when a is divided by 55.
51
Suppose 4*a = 3*n + 209, 3*a - 211*n = -216*n + 193. What is the remainder when 16965 is divided by a?
53
Suppose -43320 - 50280 = -76*m - 119*m. Calculate the remainder when m is divided by 68.
4
Let u be (12/(-42))/((-1)/14). Suppose -l + 2*l + 3 = 0, u*x + 4*l = 416. What is the remainder when x is divided by 54?
53
Let g(p) = p**2 + 98*p - 702. What is the remainder when 523 is divided by g(8)?
85
Let q = 50 + -51. Let a be (2/1 - q)*12 - -1. Let f = 6 + a. What is the remainder when f is divided by 24?
19
Let p be (-11)/(-44) + -6*(-10)/16. Suppose 0 = p*u, -2*u - 32 = -7*j + 3*j. Calculate the remainder when 13 is divided by j.
5
Suppose 3*m - 3*w - 485 = 91, -3*m - 4*w + 541 = 0. Let l be 3 + (-38)/(-6)*3. Suppose -3 = v - l. What is the remainder when m is divided by v?
16
Suppose -2*l - 4*t = -0*l + 68, 50 = -l + 2*t. Let v = l + 42. Suppose v = -3*d + 30 - 12. What is the remainder when 20 is divided by d?
2
Suppose 9*d = -135 - 4194. Let n = -463 - d. Calculate the remainder when 70 is divided by n.
16
Calculate the remainder when (10 + -13 - (1 + 10/(-1))) + 258 is divided by 254.
10
Let k = -681 - -831. Let c(w) = -w**2 + 25*w - 76. What is the remainder when k is divided by c(6)?
36
Let m = 119 + -110. Suppose 623 - 128 = m*z. Calculate the remainder when 272 is divided by z.
52
Let p(t) = 2*t**2 + 58*t + 388. Suppose 2*h = 12*h - 140. What is the remainder when h is divided by p(-19)?
6
Let d(t) = 83*t - 7. Suppose -5*z - a + 1 = -4, -4*z + 5*a = -4. What is the remainder when d(z) is div